(base 15) in base 6?
-22011
-2280a (base 12) to base 14
-12b22
Convert -11001001100010 (base 2) to base 4.
-3021202
Convert 950 (base 10) to base 4.
32312
Convert -377 (base 11) to base 8.
-677
-32ce (base 16) to base 9
-18751
What is -1010101010110 (base 2) in base 5?
-133322
What is -33b (base 13) in base 14?
-2bb
Convert -20220 (base 4) to base 16.
-228
Convert -31 (base 8) to base 12.
-21
Convert 22134 (base 6) to base 5.
44312
Convert -4356 (base 11) to base 7.
-22521
-116b (base 15) to base 4
-321311
b6 (base 12) to base 8
212
What is -100011000 (base 2) in base 6?
-1144
Convert 1403d (base 16) to base 9.
134410
49a2 (base 14) to base 15
3c3c
What is -10011101 (base 2) in base 12?
-111
Convert -33015 (base 6) to base 4.
-1013003
What is 126c (base 13) in base 10?
2625
12122221 (base 4) to base 3
1100001101
What is -21430 (base 6) in base 2?
-101110011010
What is 62e (base 16) in base 6?
11154
What is -17202 (base 10) in base 14?
-63aa
What is -10010 (base 3) in base 10?
-84
566 (base 14) to base 7
3056
What is -1233 (base 7) in base 11?
-393
544 (base 9) to base 3
121111
What is -101213 (base 5) in base 11?
-2538
221101 (base 3) to base 13
409
What is -449 (base 10) in base 7?
-1211
Convert 171b (base 14) to base 12.
2491
25374 (base 8) to base 3
120002120
-1216 (base 8) to base 13
-3b4
What is 26666 (base 7) in base 13?
3380
75a6 (base 11) to base 2
10011100110110
201 (base 13) to base 15
179
-71 (base 8) to base 6
-133
What is -113450 (base 6) in base 12?
-5886
What is -7e5 (base 16) in base 14?
-a45
-580a (base 12) to base 7
-40402
Convert -45db (base 14) to base 11.
-9145
Convert -129 (base 13) to base 2.
-11001100
-15b (base 13) to base 10
-245
Convert 3504 (base 6) to base 8.
1500
What is 15003 (base 12) in base 8?
71303
1003 (base 14) to base 2
101010111011
What is -1741 (base 13) in base 16?
-d69
Convert -164312 (base 8) to base 16.
-e8ca
What is -14a9 (base 16) in base 3?
-21020220
433 (base 5) to base 15
7d
What is 6410 (base 7) in base 4?
203111
1a32a (base 13) to base 15
101ee
Convert 44152 (base 7) to base 10.
11062
What is -247 (base 8) in base 16?
-a7
What is 1202100 (base 3) in base 9?
1670
133 (base 12) to base 4
2313
Convert 52157 (base 8) to base 7.
120006
42095 (base 12) to base 15
1a978
What is 196 (base 12) in base 14?
146
Convert -2314134 (base 5) to base 11.
-29445
64e (base 15) to base 14
73a
Convert 314 (base 11) to base 5.
3003
Convert -12847 (base 10) to base 7.
-52312
Convert 3141 (base 14) to base 3.
102122021
Convert 2313 (base 5) to base 11.
283
Convert 3644 (base 7) to base 13.
803
Convert 1533 (base 6) to base 5.
3132
What is 26d (base 15) in base 8?
1051
-25495 (base 10) to base 12
-12907
Convert 625 (base 10) to base 16.
271
What is 61421 (base 7) in base 16?
3a70
Convert 17024 (base 8) to base 16.
1e14
What is -563 (base 8) in base 6?
-1415
What is -381 (base 12) in base 7?
-1354
Convert -4b56 (base 13) to base 4.
-2213132
What is 1001001100001 (base 2) in base 9?
6407
-44352 (base 8) to base 6
-222230
1101111010000 (base 2) to base 13
3319
-10011010101101 (base 2) to base 8
-23255
6106 (base 8) to base 14
1206
Convert 2226 (base 14) to base 13.
28cc
10156 (base 7) to base 8
4673
859 (base 10) to base 7
2335
101102 (base 4) to base 2
10001010010
What is -31 (base 8) in base 7?
-34
Convert 164a (base 11) to base 7.
6104
2003010 (base 4) to base 6
102500
Convert -10025 (base 8) to base 2.
-1000000010101
Convert -15670 (base 9) to base 6.
-121443
Convert -221120 (base 3) to base 15.
-310
e340 (base 16) to base 3
2221210200
What is 42 (base 6) in base 12?
22
Convert -10a3 (base 11) to base 4.
-112210
Convert -3785 (base 12) to base 6.
-45045
What is 25925 (base 12) in base 9?
77502
-4496 (base 11) to base 3
-22010000
What is 1b93 (base 14) in base 11?
3862
Convert 1413 (base 5) to base 12.
175
What is -14259 (base 11) in base 6?
-233503
What is 10773 (base 11) in base 3?
210100121
What is 1040410 (base 5) in base 6?
220222
What is -3028 (base 10) in base 12?
-1904
-25235 (base 7) to base 16
-19f1
What is 14036 (base 7) in base 14?
1556
121200122 (base 3) to base 9
17618
Convert 5432 (base 12) to base 3.
110200202
107a (base 15) to base 3
11210021
-31126 (base 7) to base 4
-1312333
Convert 244c (base 13) to base 6.
35434
-13322322 (base 4) to base 12
-16936
Convert 2564 (base 7) to base 8.
1721
What is -2035 (base 6) in base 9?
-555
2338 (base 11) to base 9
4176
Convert -31b (base 12) to base 15.
-205
What is 100001110110 (base 2) in base 8?
4166
-784 (base 10) to base 12
-554
Convert -10000111101010100 (base 2) to base 8.
-207524
-10210 (base 4) to base 16
-124
Convert -221001101 (base 3) to base 14.
-6926
Convert -104113 (base 5) to base 16.
-e4a
13047 (base 9) to base 4
2021113
Convert 1122202 (base 3) to base 7.
3344
Convert -10000010001 (base 2) to base 10.
-1041
What is 11031202 (base 4) in base 6?
242454
-269 (base 12) to base 9
-450
Convert 228 (base 13) to base 5.
2442
Convert 422 (base 8) to base 14.
158
Convert aa7 (base 15) to base 8.
4547
Convert 32a2 (base 11) to base 9.
5860
What is -11011010100011 (base 2) in base 5?
-421422
Convert 2673 (base 12) to base 7.
15564
What is d001 (base 14) in base 15?
a883
1420 (base 9) to base 13
645
What is -11313 (base 4) in base 3?
-111220
156651 (base 7) to base 5
1444300
Convert 8187 (base 10) to base 9.
12206
123143 (base 8) to base 13
16507
Convert -109e (base 16) to base 5.
-114004
Convert -243 (base 6) to base 12.
-83
-517 (base 8) to base 15
-175
What is -1b6 (base 15) in base 6?
-1500
What is 4c0 (base 13) in base 14?
436
What is -4673 (base 14) in base 5?
-343003
What is -1421 (base 6) in base 12?
-271
What is -1122202 (base 3) in base 5?
-14313
What is 39a6 (base 13) in base 7?
33022
What is -21555 (base 6) in base 8?
-5717
Convert 1320033 (base 4) to base 10.
7695
Convert -649 (base 11) to base 16.
-30b
Convert -10020101 (base 3) to base 5.
-33414
What is -41032 (base 5) in base 7?
-10463
What is -3baa (base 15) in base 16?
-31d8
134d (base 16) to base 5
124231
Convert -384c (base 16) to base 4.
-3201030
Convert 16421 (base 11) to base 7.
124306
What is -20010 (base 4) in base 3?
-201010
What is -1011101110 (base 2) in base 5?
-11000
Convert 2434 (base 5) to base 9.
450
Convert 1011101011 (base 2) to base 13.
456
Convert -2a5c (base 13) to base 11.
-46a1
Convert -11213 (base 6) to base 11.
-1219
Convert 10ac (base 13) to base 11.
1837
What is -1686 (base 12) in base 14?
-da6
10034 (base 7) to base 3
10022212
Convert -80 (base 9) to base 14.
-52
Convert -662 (base 9) to base 14.
-2aa
Convert 310 (base 13) to base 5.
4040
-21b (base 15) to base 8
-734
What is -21605 (base 10) in base 7?
-116663
Convert -20464 (base 7) to base 6.
-35204
What is 658 (base 10) in base 2?
1010010010
What is -34581 (base 10) in base 16?
-8715
1362b (base 13) to base 7
210356
What is -189 (base 13) in base 11?
-237
-1206 (base 7) to base 10
-447
270d (base 16) to base 12
5951
21000112 (base 3) to base 5
130432
What is 539 (base 10) in base 11?
450
What is 149b (base 13) in base 11?
2289
What is 1d3b (base 14) in base 8?
12341
b4d (base 15) to base 8
4764
Convert -2201 (base 6) to base 13.
-2cb
What is -214a8 (base 12) in base 3?
-2020020002
Convert -b3 (base 14) to base 3.
-12211
What is 300 (base 11) in base 9?
443
What is 167 (base 16) in base 2?
101100111
-1420 (base 5) to base 6
-1031
-2d6 (base 15) to base 3
-220010
10a4 (base 12) to base 10
1852
Convert 133632 (base 7) to base 9.
37703
4590 (base 10) to base 3
20022000
-b48 (base 12) to base 10
-1640
-10442 (base 5) to base 10
-747
What is -40052 (base 11) in base 7?
-332623
What is -f8a (base 16) in base 13?
-1a70
-2bb (base 14) to base 11
-467
203 (base 8) to base 12
ab
Convert -1b32 (base 15) to base 16.
-1709
323 (base 10) to base 5
2243
5b7 (base 14) to base 8
2165
-110000211 (base 3) to base 16
-2242
-231202 (base 4) to base 7
-11332
Convert 5737 (base 10) to base 11.
4346
6ca (base 14) to base 16
54a
Convert -3506 (base 7) to base 11.
-a64
What is 13a5a (base 11) in base 3?
1000022101
What is -2128c (base 13) in base 3?
-10000222211
What is -1e4 (base 16) in base 9?
-587
Convert 80 (base 12) to base 15.
66
What is c56 (base 15) in base 3?
10211000
d91 (base 15) to base 12
1931
What is 228a3 (base 11) i